10011
In base 14, what is -1 - -57a?
579
In base 16, what is -33 - 0?
-33
In base 11, what is 5 - 3520?
-3516
In base 5, what is 1 - -244?
300
In base 15, what is -3 - 183?
-186
In base 2, what is 11 - -1011100?
1011111
In base 5, what is -2 + -441?
-443
In base 13, what is -4 - -389?
385
In base 6, what is -1 - 14?
-15
In base 16, what is -1a3a + 5?
-1a35
In base 5, what is 342 + -23?
314
In base 14, what is -7 + 21?
18
In base 3, what is 10211 + 121?
11102
In base 8, what is 22 + 16?
40
In base 12, what is 5 + 1365?
136a
In base 6, what is -1115 - 2?
-1121
In base 15, what is 1 + -167?
-166
In base 3, what is 1 - 1020222?
-1020221
In base 5, what is -2 + -134?
-141
In base 9, what is 35 - -12?
47
In base 8, what is -17 + -224?
-243
In base 3, what is 12 - 10?
2
In base 15, what is -87c + -4?
-881
In base 2, what is 10000111 - 1010110?
110001
In base 11, what is -3320 + -4?
-3324
In base 14, what is -30b - -3?
-308
In base 9, what is 3 + 310?
313
In base 5, what is -404 + 22?
-332
In base 3, what is -11 + 120?
102
In base 4, what is -2 + 121203?
121201
In base 10, what is 387 - -4?
391
In base 14, what is 30d - -4?
313
In base 15, what is -50dc - -4?
-50d8
In base 3, what is 1 + 11201?
11202
In base 4, what is -12101 + 0?
-12101
In base 9, what is 0 - 16?
-16
In base 6, what is 5 + -1010?
-1001
In base 14, what is 12b0 + 2?
12b2
In base 10, what is -2 - -429?
427
In base 12, what is 2 - -387?
389
In base 9, what is 2 + -14?
-12
In base 15, what is -13 + 3?
-10
In base 13, what is -138c - 3?
-1392
In base 15, what is -22 + -5a?
-7c
In base 9, what is 36 - 5?
31
In base 13, what is 79 - 14?
65
In base 12, what is 7 + 284?
28b
In base 6, what is 15 - 25?
-10
In base 3, what is -1010212 + 10?
-1010202
In base 12, what is -19 + 1?
-18
In base 10, what is 4 + -53?
-49
In base 2, what is -1000010001 + -1001?
-1000011010
In base 16, what is -5 - 32?
-37
In base 13, what is -79 - 20?
-99
In base 4, what is 3302 - -20?
3322
In base 7, what is 3 + 1?
4
In base 14, what is -330 - 5?
-335
In base 5, what is -2244 + 3?
-2241
In base 6, what is 5 - -35?
44
In base 12, what is -17 - 6?
-21
In base 12, what is -15599 + 5?
-15594
In base 4, what is -1 + 30201?
30200
In base 2, what is 11 + -10111001?
-10110110
In base 10, what is -116 + -4?
-120
In base 5, what is -3 + 2201?
2143
In base 15, what is -6c - -1?
-6b
In base 9, what is -5 + 355?
350
In base 7, what is -5 + 2122?
2114
In base 6, what is 3 + 10235?
10242
In base 9, what is 6 + -135?
-128
In base 3, what is -120200 + 0?
-120200
In base 4, what is -1030 - -103?
-321
In base 10, what is 3 + -992?
-989
In base 4, what is -312111 + 1?
-312110
In base 9, what is 171 + -5?
165
In base 2, what is 11 + -11000010?
-10111111
In base 9, what is -247 - 2?
-250
In base 4, what is -2 + -2202?
-2210
In base 6, what is 501 + 244?
1145
In base 9, what is -1175 + 3?
-1172
In base 9, what is -2 - 115?
-117
In base 8, what is -5 - -2?
-3
In base 8, what is 4 - -12?
16
In base 4, what is -3 + 303?
300
In base 7, what is 534 + 30?
564
In base 8, what is -541 + 74?
-445
In base 8, what is 2 + 36?
40
In base 9, what is 3 + -71?
-67
In base 2, what is 10001111 + 1111110?
100001101
In base 16, what is -9e + 27?
-77
In base 13, what is -87 - -17?
-70
In base 16, what is 2293 + 1?
2294
In base 3, what is -110002 - 1002?
-111011
In base 7, what is 42 - 4?
35
In base 6, what is 1 + -25053?
-25052
In base 11, what is -2 + 210?
209
In base 6, what is 2 + 40?
42
In base 16, what is 131 - 3?
12e
In base 11, what is 6 - -186?
191
In base 9, what is -12 - -206?
184
In base 15, what is 1e + -2d?
-e
In base 8, what is 2 + -22?
-20
In base 12, what is -3 + 12?
b
In base 9, what is -4 - -1358?
1354
In base 15, what is -2 + -223?
-225
In base 5, what is -11 + 20212?
20201
In base 4, what is -313 + 1?
-312
In base 4, what is -1 + 1230?
1223
In base 9, what is 41 - 6?
34
In base 6, what is -1333 - 23?
-1400
In base 4, what is 311 - -330?
1301
In base 10, what is 3 + -2195?
-2192
In base 8, what is 36 - 20?
16
In base 13, what is -35 + -5?
-3a
In base 2, what is -111101111100 + 111?
-111101110101
In base 3, what is 1 - -11110021?
11110022
In base 13, what is 29 + 5?
31
In base 12, what is -1 - 16b?
-170
In base 8, what is -6 + -34?
-42
In base 16, what is 48 + -1e?
2a
In base 14, what is 3 - -120?
123
In base 11, what is -168 - -7?
-161
In base 2, what is -11011 + -111?
-100010
In base 14, what is 11 - -5?
16
In base 9, what is 3 - -4351?
4354
In base 13, what is -3 - 110?
-113
In base 15, what is -5 - -67?
62
In base 7, what is -23 + -164?
-220
In base 6, what is 53 - 214?
-121
In base 11, what is -26 - 105?
-130
In base 3, what is 0 - 1001?
-1001
In base 5, what is 440 - 0?
440
In base 5, what is 4 + -2242?
-2233
In base 4, what is 3 - -3021?
3030
In base 9, what is 2071 + -4?
2066
In base 3, what is 10 - -2101?
2111
In base 10, what is 1 - 7?
-6
In base 6, what is 35 + -142?
-103
In base 14, what is -6 - 213?
-219
In base 11, what is -160 - 4?
-164
In base 7, what is -663 - -4?
-656
In base 4, what is 100 + 12?
112
In base 14, what is ac - -31?
dd
In base 15, what is 251 - 4?
24c
In base 12, what is 7136 + -5?
7131
In base 3, what is -21 - -12?
-2
In base 2, what is -101101000111011 + 11?
-101101000111000
In base 3, what is 0 + 22?
22
In base 14, what is 5 - -101?
106
In base 14, what is -6 + 40?
38
In base 7, what is -5 + -434?
-442
In base 2, what is 101110 + 101?
110011
In base 10, what is 2 + 46?
48
In base 10, what is -86 + 5?
-81
In base 16, what is 3ba + 5?
3bf
In base 7, what is -1 + 15?
14
In base 11, what is -952 - 3?
-955
In base 6, what is 0 + -11?
-11
In base 3, what is 1 - 1000102?
-1000101
In base 8, what is -4624 - -2?
-4622
In base 7, what is 656 + 4?
663
In base 4, what is -12 - 13?
-31
In base 8, what is 47 + -122?
-53
In base 11, what is 3 + -726?
-723
In base 7, what is -1 - 2310?
-2311
In base 15, what is -8c1 - -5?
-8bb
In base 10, what is 300 + 10?
310
In base 9, what is -42 + -171?
-223
In base 16, what is 1 - 1173?
-1172
In base 4, what is 11 + -1103?
-1032
In base 15, what is -364 - -1?
-363
In base 11, what is -11 + 608?
5a7
In base 12, what is 3 - -72?
75
In base 5, what is -340 - -3?
-332
In base 12, what is 54 + -3?
51
In base 8, what is 7356 - 5?
7351
In base 13, what is 67 + 4?
6b
In base 2, what is 10 + 1111110?
10000000
In base 10, what is 121 + 4?
125
In base 4, what is 10011 - -1?
10012
In base 15, what is -15 - 1?
-16
In base 7, what is 506 - -2?
511
In base 9, what is -2 + 170?
167
In base 7, what is -43 + 105?
32
In base 6, what is 1300 + 4?
1304
In base 3, what is -1 - -11210012?
11210011
In base 2, what is 100011 + -110?
11101
In base 3, what is 0 + 122022?
122022
In base 14, what is 11c + -1?
11b
In base 14, what is -39 - -4?
-35
In base 16, what is 2 + -4?
-2
In base 8, what is 42 - -4?
46
In base 4, what is -13 + -113?
-132
In base 14, what is 2 - 178?
-176
In base 9, what is -285 + 7?
-277
In base 14, what is -4 + 19?
15
In base 12, what is 173 + 2?
175
In base 4, what is -1 + 21223?
21222
In base 7, what is -4 - 1?
-5
In base 14, what is 5 + cd?
d4
In base 15, what is -4 - -2bb?
2b7
In base 3, what is -100221 - 102?
-101100
In base 16, what is -2 + 20?
1e
In base 10, what is -2 + -20?
-22
In base 6, what is -220 - -1?
-215
In base 4, what is 223 - -11?
300
In base 10, what is 0 - -19?
19
In base 6, what is 2432 - -3?
2435
In base 3, what is 0 - 12220?
-12220
In base 5, what is 0 + -23244?
-23244
In base 5, what is 110 - 0?
110
In base 11, what is 4 - 110?
-107
In base 8, what is 1642 + 2?
1644
In base 4, what is -33 + -2?
-101
In base 3, what is 1 - -1012?
1020
In base 3, what is 20 + 120211?
121001
In base 15, what is 17 - -41?
58
In base 13, what is -20 + 283?
263
In base 3, what is 11 - -1202?
1220
In base 12, what is -14 + -75?
-89
In base 15, what is -463 - 0?
-463
In base 14, what is -3ba9 + 3?
-3ba6
In base 10, what is 449 - -29?
478
In base 13, what is 1 + -cc?
-cb
In base 4, what is 10 + 133?
203
In base 16, what is 10 - 7?
9
In base 13, what is 8c - 0?
8c
In base 16, what is 14 + 55?
69
In base 3, what is -11 + 100?
12
In base 5, what is -10 - 104?
-114
In base 5, what is 34014 - -3?
34022
In base 7, what is 336 - -14?
353
In base 6, what is -22334 - -3?
-22331
In base 15, what i